{"id":48,"date":"2015-10-11T11:49:54","date_gmt":"2015-10-11T09:49:54","guid":{"rendered":"http:\/\/rocking26.ch\/?page_id=48"},"modified":"2024-08-05T12:49:56","modified_gmt":"2024-08-05T10:49:56","slug":"santis","status":"publish","type":"page","link":"https:\/\/rocking26.ch\/?page_id=48","title":{"rendered":"S\u00e4ntis"},"content":{"rendered":"\n<h4 class=\"wp-block-heading\"><img decoding=\"async\" loading=\"lazy\" class=\"alignnone size-full wp-image-472\" src=\"http:\/\/rocking26.ch\/wp-content\/uploads\/2016\/07\/wanderung.png\" alt=\"wanderung\" width=\"75\" height=\"75\"\/><\/h4>\n<br \/><br \/>\n\n\n\n<h4 class=\"wp-block-heading\">Status<\/h4>\n\n\n\n<p>Besucht am 13.08.2017 mit Pius W. aus Z.<\/p>\n\n\n\n<hr class=\"wp-block-separator has-alpha-channel-opacity is-style-default\"\/>\n\n\n\n<h4 class=\"wp-block-heading\">Wie es war<\/h4>\n\n\n\n<p>Nun&#8230;<br><span style=\"font-size: revert;\">\u2026so genau weiss ich das nicht mehr\u2026<\/span><br><span style=\"font-size: revert;\">\u2026wohl zu viel Appenzeller getrunken vor der Heimfahrt auf der Schw\u00e4galp.<\/span><\/p>\n\n\n\n<figure class=\"wp-block-image size-full\"><img decoding=\"async\" loading=\"lazy\" width=\"683\" height=\"200\" src=\"http:\/\/rocking26.ch\/wp-content\/uploads\/2018\/09\/appenzeller-alpenbitter_100-1.png\" alt=\"\" class=\"wp-image-698\" srcset=\"https:\/\/rocking26.ch\/wp-content\/uploads\/2018\/09\/appenzeller-alpenbitter_100-1.png 683w, https:\/\/rocking26.ch\/wp-content\/uploads\/2018\/09\/appenzeller-alpenbitter_100-1-150x44.png 150w\" sizes=\"(max-width: 683px) 100vw, 683px\" \/><\/figure>\n\n\n\n<p>Ach was!<br>K\u00e4se!<\/p>\n\n\n\n<figure class=\"wp-block-image size-full\"><img decoding=\"async\" loading=\"lazy\" width=\"888\" height=\"422\" src=\"http:\/\/rocking26.ch\/wp-content\/uploads\/2018\/09\/888x.jpeg\" alt=\"\" class=\"wp-image-696\" srcset=\"https:\/\/rocking26.ch\/wp-content\/uploads\/2018\/09\/888x.jpeg 888w, https:\/\/rocking26.ch\/wp-content\/uploads\/2018\/09\/888x-150x71.jpeg 150w, https:\/\/rocking26.ch\/wp-content\/uploads\/2018\/09\/888x-768x365.jpeg 768w\" sizes=\"(max-width: 888px) 100vw, 888px\" \/><\/figure>\n\n\n\n<p>Glac\u00e9 von M\u00f6venpick gab es auf der Schw\u00e4galp \u2013 und auf dem S\u00e4ntis gab es Nebel!<\/p>\n\n\n\n<figure class=\"wp-block-image size-large\"><img decoding=\"async\" loading=\"lazy\" width=\"575\" height=\"1024\" src=\"http:\/\/rocking26.ch\/wp-content\/uploads\/2018\/09\/PHOTO-2017-08-13-15-28-17-575x1024.jpg\" alt=\"\" class=\"wp-image-707\" srcset=\"https:\/\/rocking26.ch\/wp-content\/uploads\/2018\/09\/PHOTO-2017-08-13-15-28-17-575x1024.jpg 575w, https:\/\/rocking26.ch\/wp-content\/uploads\/2018\/09\/PHOTO-2017-08-13-15-28-17-84x150.jpg 84w, https:\/\/rocking26.ch\/wp-content\/uploads\/2018\/09\/PHOTO-2017-08-13-15-28-17-768x1367.jpg 768w, https:\/\/rocking26.ch\/wp-content\/uploads\/2018\/09\/PHOTO-2017-08-13-15-28-17.jpg 899w\" sizes=\"(max-width: 575px) 100vw, 575px\" \/><\/figure>\n\n\n\n<p><br><\/p>\n","protected":false},"excerpt":{"rendered":"<p>Status Besucht am 13.08.2017 mit Pius W. aus Z. Wie es war Nun&#8230;\u2026so genau weiss ich das nicht mehr\u2026\u2026wohl zu viel Appenzeller getrunken vor der Heimfahrt auf der Schw\u00e4galp. Ach was!K\u00e4se! Glac\u00e9 von M\u00f6venpick gab es auf der Schw\u00e4galp \u2013 und auf dem S\u00e4ntis gab es Nebel!<\/p>\n","protected":false},"author":3,"featured_media":123,"parent":0,"menu_order":0,"comment_status":"closed","ping_status":"closed","template":"","meta":{"ngg_post_thumbnail":0},"_links":{"self":[{"href":"https:\/\/rocking26.ch\/index.php?rest_route=\/wp\/v2\/pages\/48"}],"collection":[{"href":"https:\/\/rocking26.ch\/index.php?rest_route=\/wp\/v2\/pages"}],"about":[{"href":"https:\/\/rocking26.ch\/index.php?rest_route=\/wp\/v2\/types\/page"}],"author":[{"embeddable":true,"href":"https:\/\/rocking26.ch\/index.php?rest_route=\/wp\/v2\/users\/3"}],"replies":[{"embeddable":true,"href":"https:\/\/rocking26.ch\/index.php?rest_route=%2Fwp%2Fv2%2Fcomments&post=48"}],"version-history":[{"count":52,"href":"https:\/\/rocking26.ch\/index.php?rest_route=\/wp\/v2\/pages\/48\/revisions"}],"predecessor-version":[{"id":896,"href":"https:\/\/rocking26.ch\/index.php?rest_route=\/wp\/v2\/pages\/48\/revisions\/896"}],"wp:featuredmedia":[{"embeddable":true,"href":"https:\/\/rocking26.ch\/index.php?rest_route=\/wp\/v2\/media\/123"}],"wp:attachment":[{"href":"https:\/\/rocking26.ch\/index.php?rest_route=%2Fwp%2Fv2%2Fmedia&parent=48"}],"curies":[{"name":"wp","href":"https:\/\/api.w.org\/{rel}","templated":true}]}}