{"id":113,"date":"2015-10-11T12:00:21","date_gmt":"2015-10-11T10:00:21","guid":{"rendered":"http:\/\/rocking26.ch\/?page_id=113"},"modified":"2024-08-05T13:30:36","modified_gmt":"2024-08-05T11:30:36","slug":"dufourspitze","status":"publish","type":"page","link":"https:\/\/rocking26.ch\/?page_id=113","title":{"rendered":"Dufourspitze"},"content":{"rendered":"\n<h4 class=\"wp-block-heading\"><img decoding=\"async\" loading=\"lazy\" class=\"alignnone size-full wp-image-472\" src=\"http:\/\/rocking26.ch\/wp-content\/uploads\/2016\/07\/hochtour.png\" alt=\u201chochtour\" width=\"75\" height=\"75\"\/><\/h4>\n<br \/><br \/>\n\n\n\n<h4 class=\"wp-block-heading\">Status<\/h4>\n\n\n\n<p>Besucht am 22.08.2016 mit Deborah und F\u00e4ll\u00e4.<\/p>\n\n\n\n<hr class=\"wp-block-separator has-alpha-channel-opacity\"\/>\n\n\n\n<h4 class=\"wp-block-heading\">Wie es war<\/h4>\n\n\n\n<ul>\n<li>Windig<\/li>\n\n\n\n<li>Fixseile am Silbersattel waren kaputt. &#8211;&gt; Gegenverkehr auf dem Westgrat.<\/li>\n\n\n\n<li>Intensiv<\/li>\n\n\n\n<li>Leben am Limit \ud83d\ude00<\/li>\n<\/ul>\n\n\n\n<p>Weiteres gibt es m\u00fcndlich bei einem Glas Fendant.<\/p>\n\n\n\n<h4 class=\"wp-block-heading\">Was ich gelernt habe<\/h4>\n\n\n\n<ul>\n<li>Die Gartenhandschuhe erst dann auszuziehen und auf F\u00e4ustlinge zu wechseln, wenn die Finger bereits kalt sind, ist ein Fehler. Danke, liebe D., f\u00fcr die aufgew\u00e4rmten F\u00e4ustlinge!<\/li>\n\n\n\n<li>Ja, der Grat ist wirklich (fast) so ausgesetzt, wie im untenstehenden Film. Mein Dufourspitze-Lieblingsvideo. Bester Moment: 2:25. <\/li>\n\n\n\n<li>Und dann noch einige Dinge, die sich nicht so leicht in Worte fassen lassen&#8230;<\/li>\n<\/ul>\n\n\n\n<p>Wie dem auch sei: Hier noch ein Bild unserer Seilschaft um 02:30 Uhr, kurz vor dem Aufbruch bei der Monte Rosa H\u00fctte, als alles noch gut war:<\/p>\n\n\n\n<center><img decoding=\"async\" loading=\"lazy\" class=\"size-full wp-image-532\" src=\"http:\/\/rocking26.ch\/wp-content\/uploads\/2016\/08\/@Getty-978x652.jpg\" alt=\"Group of mountaineers dancing by the Monte Rosa hut\" width=\"80%\" height=\"80%\" srcset=\"https:\/\/rocking26.ch\/wp-content\/uploads\/2016\/08\/@Getty-978x652.jpg 978w, https:\/\/rocking26.ch\/wp-content\/uploads\/2016\/08\/@Getty-978x652-150x100.jpg 150w, https:\/\/rocking26.ch\/wp-content\/uploads\/2016\/08\/@Getty-978x652-768x512.jpg 768w\" sizes=\"(max-width: 978px) 100vw, 978px\" \/><\/center>\n\n\n\n<hr class=\"wp-block-separator has-alpha-channel-opacity\"\/>\n\n\n\n<h4 class=\"wp-block-heading\">Teaser:<\/h4>\n\n\n\n<p>Auch wenn es die Z\u00fcrcher nicht gerne h\u00f6ren:<br>Top of Switzerland&#8230;<\/p>\n\n\n<p><iframe loading=\"lazy\" title=\"Dufourspitze 2012\" width=\"930\" height=\"523\" src=\"https:\/\/www.youtube.com\/embed\/v2DgHZeeE-g?feature=oembed\" frameborder=\"0\" allow=\"accelerometer; autoplay; clipboard-write; encrypted-media; gyroscope; picture-in-picture; web-share\" referrerpolicy=\"strict-origin-when-cross-origin\" allowfullscreen><\/iframe><\/p>\n\n\n\n<hr class=\"wp-block-separator has-alpha-channel-opacity\"\/>\n","protected":false},"excerpt":{"rendered":"","protected":false},"author":3,"featured_media":13,"parent":0,"menu_order":0,"comment_status":"closed","ping_status":"closed","template":"","meta":{"ngg_post_thumbnail":0},"_links":{"self":[{"href":"https:\/\/rocking26.ch\/index.php?rest_route=\/wp\/v2\/pages\/113"}],"collection":[{"href":"https:\/\/rocking26.ch\/index.php?rest_route=\/wp\/v2\/pages"}],"about":[{"href":"https:\/\/rocking26.ch\/index.php?rest_route=\/wp\/v2\/types\/page"}],"author":[{"embeddable":true,"href":"https:\/\/rocking26.ch\/index.php?rest_route=\/wp\/v2\/users\/3"}],"replies":[{"embeddable":true,"href":"https:\/\/rocking26.ch\/index.php?rest_route=%2Fwp%2Fv2%2Fcomments&post=113"}],"version-history":[{"count":58,"href":"https:\/\/rocking26.ch\/index.php?rest_route=\/wp\/v2\/pages\/113\/revisions"}],"predecessor-version":[{"id":929,"href":"https:\/\/rocking26.ch\/index.php?rest_route=\/wp\/v2\/pages\/113\/revisions\/929"}],"wp:featuredmedia":[{"embeddable":true,"href":"https:\/\/rocking26.ch\/index.php?rest_route=\/wp\/v2\/media\/13"}],"wp:attachment":[{"href":"https:\/\/rocking26.ch\/index.php?rest_route=%2Fwp%2Fv2%2Fmedia&parent=113"}],"curies":[{"name":"wp","href":"https:\/\/api.w.org\/{rel}","templated":true}]}}